 + 31. Suppose 4*c - o = 3*c. Calculate the remainder when 33 is divided by c.
5
Let o(d) = d**3 - 7*d**2 + 3*d - 10. Calculate the remainder when 19 is divided by o(7).
8
Suppose -121 = -3*j + 110. Calculate the remainder when j is divided by 21.
14
Suppose 5*c + h + 0*h - 108 = 0, -3*h + 60 = 3*c. Suppose -320 = -5*f - 0*f. What is the remainder when f is divided by c?
20
Let w be 6/((-1 + -1)/(-6)). Suppose -114 + w = -3*g. Suppose -68 = 3*b - 7*b. What is the remainder when g is divided by b?
15
Suppose 5*g - 163 = z, -3*z + 58 = 2*g + 3. What is the remainder when g is divided by 17?
15
Let v(i) = i**2 - 9*i. Suppose 4*g + 5*h = 52, 3*g = -h - 2*h + 42. Calculate the remainder when v(14) is divided by g.
16
Let d(q) = -q + 6. Let s be d(7). Calculate the remainder when (69/6)/(s/(-2)) is divided by 8.
7
Suppose 7 = 4*w + m, -5*w + w - 3*m = -5. Suppose -w*v + 9 = -9. Calculate the remainder when 26 is divided by v.
8
Suppose -5*m + 12 = -m. What is the remainder when 30/(-25)*10/(-3) is divided by m?
1
Let r(p) = -p**3 - 12*p**2 - 21*p + 6. Calculate the remainder when 79 is divided by r(-10).
15
Let s be 24/9*(-3)/(-2). Suppose -s*j - 2*d + 86 = -4*d, j - 29 = 2*d. Calculate the remainder when 75 is divided by j.
18
Suppose -2*j - 136 = -6*j. Let x = j - 16. Suppose p + 7 = -4*k + 1, p - k = 14. Calculate the remainder when x is divided by p.
8
Suppose -98 = -2*w - 5*r, 4*w - 252 = -3*r + 7*r. Let m(i) = i**2 + 4*i - 1. What is the remainder when w is divided by m(3)?
19
Let f(l) = l**2 - 1. Let n be f(-1). Suppose 4*s - 24 - 32 = n. Suppose 5*a - 141 = 2*w, -2*a = 2*a - 3*w - 117. What is the remainder when a is divided by s?
13
Let t(u) = -2*u**3. Suppose 768 - 2008 = -20*i. Calculate the remainder when i is divided by t(-2).
14
Let l(x) = 4*x - 2. Let t be l(2). Calculate the remainder when (-40)/(-3) + 4/t is divided by 8.
6
Calculate the remainder when 33/1*(-2)/(-2) is divided by 17.
16
Let s = -42 - -61. Calculate the remainder when s is divided by 5.
4
Suppose 2*y - 19 - 27 = 4*f, -4*f = -4*y + 84. What is the remainder when 36 is divided by y?
17
Suppose 0 = 2*b - 0 + 6. Let l(f) = -6*f - 4. Calculate the remainder when 55 is divided by l(b).
13
Let k = -5 - -6. What is the remainder when 3*(4 - 3) + 0 is divided by k?
0
Let z = -6 + 11. Calculate the remainder when 14 is divided by z.
4
Suppose -i = 3*i - 3*y - 11, -4*y = 2*i. Suppose -i*d + 6 = -18. What is the remainder when 34 is divided by d?
10
Let y = 130 + -84. What is the remainder when y is divided by 14?
4
Suppose -4*r - 4*h + 36 = 0, 0 = -3*r + 5*h + 71 - 20. Calculate the remainder when 20 is divided by r.
8
Let o = 20 - 9. Calculate the remainder when 32 is divided by o.
10
Let n be 246/15 + (-6)/15. Suppose -4*x + 4 = -n. Calculate the remainder when x is divided by 4.
1
Let u = -69 - -122. Let o(k) = -k**3 + 6*k**2 + 6*k + 7. Let b be o(7). Suppose -3*m + 54 = -b*m. Calculate the remainder when u is divided by m.
17
Let z(o) = -5*o + 2. Let q be z(5). Let m(s) = -s**2 - 5*s - 3. Let d be m(-4). Calculate the remainder when d + 2 - 2 - q is divided by 13.
11
Let w(l) = 4*l**2 - 1. Calculate the remainder when w(-1) is divided by 2.
1
Suppose -3*x + 7*x - 220 = 0. What is the remainder when x is divided by 29?
26
Let x = -67 + 72. Suppose 3*f - 49 = -2*b, 0 = -4*f - 4*b + b + 64. Calculate the remainder when f is divided by x.
4
Suppose -3*w - 145 = -5*n + 2*w, 4*n = 3*w + 114. Suppose 4*t - 56 = -0. Calculate the remainder when n is divided by t.
13
Suppose 2*s + 4 = -2*f - 2*f, -16 = 3*f - 5*s. Let n(j) = j**2 - 2. Calculate the remainder when 2 is divided by n(f).
0
Suppose 0 = 4*t - 5*w, 5*t - 2*w + 7*w = 0. Suppose -3*p + t*p = -21. Let k = -3 + 16. What is the remainder when k is divided by p?
6
Calculate the remainder when ((-3)/(-9))/((-3)/(-6795)*5) is divided by 17.
15
Suppose p = -4*x + 7, -x = -4*x + 4*p + 10. Calculate the remainder when 34 is divided by 23/x - 1/(-2).
10
Let u(r) = r**2 + 7*r - 29. Calculate the remainder when 184 is divided by u(5).
29
Let u(s) = s**3 + 2*s**2 + s + 16. Calculate the remainder when 46 is divided by u(0).
14
Suppose -8*l = -4*l - 80. Calculate the remainder when l is divided by 11.
9
Let r be 315/54 - (-2)/12. Calculate the remainder when 14 is divided by (-3 + 6)*10/r.
4
Let p = -53 - -87. Let m(b) = -4*b. Calculate the remainder when p is divided by m(-3).
10
Let g(i) = i**3 - 12*i**2 + 12*i - 8. Let c be g(11). What is the remainder when 19 is divided by (18/(-12))/(c/(-20))?
9
Let b = 3 - 5. What is the remainder when 2 is divided by -6*(-6)/9 + b?
0
Suppose b = -1, -2*z + 4*b - 2*b = -6. Let d = z - -33. Calculate the remainder when 1/(2 + d/(-18)) is divided by 10.
8
Let b be ((-7)/14)/(1/(-6)). What is the remainder when 21 is divided by (66/(-12))/(b/(-6))?
10
Let y(a) = a. Let z(p) = -10*p - 3. Let u be z(-3). Suppose -3*k + u + 21 = -3*g, 5*k - g - 84 = 0. What is the remainder when k is divided by y(6)?
5
Let x(o) = o**2 + o. Let g be x(-2). Let i(f) = -11*f - 4. What is the remainder when i(-3) is divided by (8 - 3)*g/1?
9
What is the remainder when 54 is divided by (-2)/13 - 2576/(-182)?
12
Suppose -24 = -6*b + 2*b. Suppose 2*u = 4, 3*u - 281 = -b*y + y. Suppose -20 = 4*n, 0*j = 3*j - 5*n - y. What is the remainder when j is divided by 6?
4
Suppose 13*j = -0*j + 507. Let b(g) = 2*g**2 + 8*g + 4. What is the remainder when j is divided by b(-5)?
11
Suppose -w = -9*w + 136. Calculate the remainder when 47 is divided by w.
13
Let a = 66 - 54. Calculate the remainder when 32 is divided by a.
8
Let w(h) = 71*h**2 - 6. Let v(q) = -14*q**2 + 1. Let d(i) = -11*v(i) - 2*w(i). Let t be 2*1*(-1)/2. What is the remainder when d(t) is divided by 7?
6
Let p be -5 + 5 + -2 - -31. Let i = p - 16. Calculate the remainder when 38 is divided by i.
12
Suppose 3*a = 4*l + 70, -5*a + 149 = 4*l - 21. Calculate the remainder when 119 is divided by a.
29
Let c be 0 - (3/1 - 2). What is the remainder when 0 - (c - (-2 - -17)) is divided by 6?
4
Suppose -m + 4*g + 43 + 23 = 0, 0 = 3*m + g - 211. What is the remainder when m is divided by 20?
10
Let g be 98/(-5)*(-5 - 5). Suppose -5*j + g = 3*w - 91, w - 4 = 0. What is the remainder when j is divided by 15?
10
What is the remainder when (-26 + 25)*(-147)/1 is divided by 30?
27
Let j(h) = -h**2 + 9*h. Let v be j(9). Suppose v = -x - 2*n + 11, x = -3*x - n + 65. What is the remainder when 50 is divided by x?
16
Let y(v) = v**3 - v**2 - v - 10. Let u be y(0). Let k = u + 23. Suppose 7*x - 5*x = 48. What is the remainder when x is divided by k?
11
Let w = -3 - -11. Calculate the remainder when -1*1*(-13 + 0) is divided by w.
5
Calculate the remainder when 9/21 - 100/(-28) is divided by 2.
0
Suppose 3*q = -q - 5*i + 46, -3*i - 39 = -5*q. Suppose 4*b - 156 = 4*t, -2*b - 4*t = -61 + 7. What is the remainder when b is divided by q?
8
Let z(p) = 6*p**2 + 3*p - 2. What is the remainder when 28 is divided by z(1)?
0
Let u(z) = z**2 - 7*z - 9. What is the remainder when u(10) is divided by 13?
8
Suppose 6*v - 9*v - g = -119, g = v - 41. What is the remainder when 158 is divided by v?
38
Suppose 3*v - 182 = -4*v. Calculate the remainder when v is divided by 8.
2
Suppose -27 = -2*d - v, -4*d - d + 5*v + 30 = 0. What is the remainder when 42 is divided by d?
9
Let h(k) = -2*k + 16. Calculate the remainder when h(3) is divided by 5.
0
Suppose -218 = -4*q + 5*r, 3*q + 18 = 5*r + 184. What is the remainder when q is divided by 11?
8
Let u = 99 + -92. Calculate the remainder when 24 is divided by u.
3
Let i = 3 + 12. Suppose -3*u + 4*f = -71, 0 = 2*u - u - 4*f - 13. What is the remainder when u is divided by i?
14
Let p(a) = -a**2 - 22*a - 72. What is the remainder when 102 is divided by p(-17)?
11
What is the remainder when 94/3 + (-24)/72 is divided by 11?
9
Suppose 0 = -2*o - k + 7, -o - 2*k + 4*k + 6 = 0. Let x = 3 - -2. What is the remainder when x is divided by o?
1
Let h = 4 + -2. Suppose -h*t = -2*m - 24, t + m = 4*t - 40. Calculate the remainder when t is divided by 4.
2
Suppose -5*t = 3*h + 2*h - 105, 4*t + 114 = 5*h. What is the remainder when 107 is divided by h?
19
What is the remainder when 64 is divided by (4 + -4 + 8)*(-7)/(-4)?
8
Let y(x) = -3*x**2 - 5*x - 3. Let q(c) = -3*c**2 -